ors of (-23 - (-12 - -1)) + 236?
2, 7
Let o be ((-870)/(-45))/((-2)/(-6)). Suppose o = k - 0*k. List the prime factors of k.
2, 29
Suppose -1296 = -49*a + 37*a. What are the prime factors of a?
2, 3
Let b(q) = q - 7. Let o be b(10). Suppose -o*z + 0*j + 213 = -4*j, 5*z = -5*j + 320. Let m = z + -31. What are the prime factors of m?
2, 3
Let b = -71 - -200. List the prime factors of b.
3, 43
Suppose 0 = 3*q - q + 12. List the prime factors of (-962)/(-7) + 4 + q/14.
3, 47
What are the prime factors of (-123)/2*4*30/(-45)?
2, 41
Let s be (-2*(-4)/(-3))/((-48)/72). Suppose -2*v + 510 = s*n + 48, -3*n + 379 = -5*v. What are the prime factors of n?
2, 59
Suppose 4*o - 528 = -5*s - 129, -2*o + 2 = 0. Let j = s + -26. List the prime factors of j.
53
Suppose 42*g - 1455 = 39*g. List the prime factors of g.
5, 97
Let l(j) = 3*j - 1. Suppose 5*f - 5 = 4*o, 3*f - 11 = o - 1. List the prime factors of l(o).
2, 7
Let g = 20 - 32. Let y(n) = -n**3 - 11*n**2 + 9*n - 1. List the prime factors of y(g).
5, 7
What are the prime factors of 24/(((-2)/235)/(12/(-20)))?
2, 3, 47
Suppose 5*x - 4073 = 4*v - 245, -5*x + 972 = -v. List the prime factors of (-3)/(-2)*v/(-21).
2, 17
Let y(r) = r**2 + 2*r + 2. Let a be y(0). Suppose 5*p = a + 28. List the prime factors of p.
2, 3
Let q(o) = -19*o**2 + 1. Let r be q(-2). List the prime factors of (-2955)/r + 14/(-10) + 1.
3, 13
Let v = -22 - -18. Let k = 9 + v. Suppose -u + 138 = k*u. What are the prime factors of u?
23
Let o = -12 + 15. Suppose o*b = 3*z - 174 - 27, 248 = 4*z + b. List the prime factors of z.
3, 7
Let m = 4 - 4. Let q = m - 6. What are the prime factors of q/(-18) + (-92)/(-3)?
31
Suppose -u = 11*u - 600. Let y(m) = -14*m + 3. Let z be y(2). Let t = z + u. List the prime factors of t.
5
Let z(j) = 28*j**2 - j - 2. Let f be z(-2). Let y be 1/(4*2/f). Let c = y + -5. List the prime factors of c.
3
Let g = -126 + 350. What are the prime factors of g?
2, 7
Let b be (-16)/(-7 - -3) + 72. Suppose -h = -4*z - b, -2*h + 232 = 2*h + 2*z. What are the prime factors of h?
2, 3, 5
What are the prime factors of (135/(-20))/(-9) - 105320/(-32)?
2, 823
Suppose z = -4*z. Let x be -29 - z - (10 + -13). What are the prime factors of (0 + (-2)/4)*x?
13
Let t(w) = -w - 13. Let i be t(-11). Let g(o) = -24*o - 5. What are the prime factors of g(i)?
43
Let r(w) = -w**3 + 6*w**2 + 5*w + 14. Let m(x) = -x - 8. Let j be m(-14). What are the prime factors of r(j)?
2, 11
Let v be (-4)/(-18) - (-86)/18. Let a be (-16)/(-40) - (-83)/v. Suppose 0 = 5*d - 217 + a. List the prime factors of d.
2, 5
Let t(s) = s**2 + 3*s - 1. Let y(o) = 2*o + 3*o - 4*o + o - 2. Let u be y(2). What are the prime factors of t(u)?
3
Suppose -8148 = 42*r - 48*r. What are the prime factors of r?
2, 7, 97
Let d = 4845 + -1722. List the prime factors of d.
3, 347
Let l be 40/12*(-3)/(-2). Suppose -l*d = -2*d - 33. Suppose -8*s = -d*s + 126. List the prime factors of s.
2, 3, 7
Let s = 7 - -333. Let i = s + -226. List the prime factors of i.
2, 3, 19
Let w(y) = -y**3 + 9*y**2 - 10*y + 26. Let h be w(8). Suppose -h*s + 6*s = -320. List the prime factors of s.
2, 5
Let q(j) = -19*j + 68. Let n be 44/(-12)*-3*(-3 - -2). What are the prime factors of q(n)?
277
Let a = 95 + -88. Let y(j) = 15*j - 6. What are the prime factors of y(a)?
3, 11
Suppose 3*c - 7 = w - 0*w, 0 = -5*c + 20. Let j(n) = -9*n - 19. Let u(a) = -5*a - 9. Let v(z) = -3*j(z) + 5*u(z). List the prime factors of v(w).
2, 11
Let v = 63 - 64. What are the prime factors of 1/v - 130/(-2)?
2
Let s(a) = -2*a**2 - 4. Let l be s(-4). What are the prime factors of (-9)/12 + (-4779)/l?
2, 3, 11
Let k = -51 - 234. Let s be k/(-25) - 6/15. Let g = 13 - s. List the prime factors of g.
2
Let k(b) = 11*b - 5*b + 1 + b**3 + 3*b**2 - 5*b. Let p be k(-2). What are the prime factors of (23/(-4))/(p/(-12))?
23
Let h be (4/6)/((-4)/534). Let m = 61 - h. List the prime factors of m.
2, 3, 5
Let s be -3 + 6 - (-4 - 61). Let b = s + -41. List the prime factors of b.
3
Let r(g) = g**3 - g**2 - g + 3. Let l be r(0). Suppose 0*n - 4 = -4*n + 2*i, -l*n - 3*i = 6. List the prime factors of (38 - 9)*(1 - n).
29
What are the prime factors of (-736 - 4/2)/((-18)/12)?
2, 3, 41
Suppose -2*x + 408 = -4*a, 4*x + 2*a - 520 = 316. What are the prime factors of x?
2, 13
Suppose -2*n = 4*l + 2*n + 60, l + 2*n + 10 = 0. What are the prime factors of ((-336)/l - -4)*(7 - 2)?
2, 13
Let j = 98 + -90. Suppose j*v = 11*v - 564. List the prime factors of v.
2, 47
Let p(y) = -4*y - 26. Let u(w) = -4*w**3 + 7*w**2 + 5*w + 6. Let r(q) = q**3. Let h(l) = -5*r(l) - u(l). Let g be h(-6). List the prime factors of p(g).
2, 11
Suppose -20*z + 846 = -11*z. What are the prime factors of z?
2, 47
Let l be (-194)/(-22) - (-16)/88. Let b(x) = x. Let o be b(-2). List the prime factors of o/6 + 183/l.
2, 5
List the prime factors of -20*(0 + 29 + 2)*-1.
2, 5, 31
Suppose -s - 1 = -3. Suppose -50 = -3*y - s*y. Suppose 12*d - y*d = 12. What are the prime factors of d?
2, 3
What are the prime factors of 4004/20 + 4/5?
3, 67
Let p = 42 - 42. Let v(g) = -2*g + 1. Let c be v(-1). Suppose j + c*j - 108 = p. List the prime factors of j.
3
Suppose -6*v - 4*v - 20 = 0. Let b(w) = w**2 + 3*w + 5. List the prime factors of b(v).
3
Let x = -359 + 1060. What are the prime factors of x?
701
Let l be (4 - 0)*54/24. List the prime factors of (-269)/(-7) + l/(-21).
2, 19
Let r = 20 - 10. Suppose c - 3*c = 0, -z + 4*c = -r. What are the prime factors of z?
2, 5
Let m = -3 + 4. Let p be (-9 - -9) + (-1 - 1). List the prime factors of (6 - m) + -2 - p.
5
List the prime factors of (-16)/((-192)/18) + (-2571)/(-2).
3, 11, 13
Let j be (16/20)/(8/(-140)). Let z = 68 + j. What are the prime factors of z?
2, 3
Let z(i) = -63*i + 6. Let s be z(-2). Suppose 0 = -3*k + s + 132. What are the prime factors of k?
2, 11
Suppose -4*y = -6*o + 7*o - 2001, 0 = -3*y + 3*o + 1512. What are the prime factors of y?
3, 167
List the prime factors of (-1)/((3 - 0) + (-11862)/3951).
439
Let a(f) = -f + 4. Let h be (-3)/6 - 2/(-4). Let z be a(h). Suppose 7 = -3*y + z*y. What are the prime factors of y?
7
Suppose -6*f = 8*f - 7994. What are the prime factors of f?
571
Let x(d) = d**2 - 24*d + 53. Let y be x(22). Suppose 0 = y*z - 0*z - 1917. What are the prime factors of z?
3, 71
Let x(a) = a**3 + 34*a**2 + 210*a + 23. List the prime factors of x(-22).
7, 173
Suppose -d + 4*t - 7 = 2*d, -d - 5*t = -23. Suppose -m - 29 = 4*k, 5*k = -2*m + d*k - 28. List the prime factors of (-32)/(-12)*m/(-2).
2, 3
Let h(k) = -14 - k**3 + 0*k**3 - 2*k + 20*k**2 - 6*k - 31*k**2. What are the prime factors of h(-11)?
2, 37
Suppose 3*y + x - 6521 = 6*x, 0 = -5*y + 4*x + 10890. What are the prime factors of y?
2, 1091
Suppose p - 2 = -4. Let z = p - -5. Suppose -124 = -b - z*b. What are the prime factors of b?
31
Let b(a) = -2*a + 23. Let y be b(10). Suppose 0 = -y*m + 4*c + 83, -2*m - 4*c + 50 = -12. What are the prime factors of m?
29
Let f = -217 - -304. What are the prime factors of f?
3, 29
Let f = -2715 - -3880. What are the prime factors of f?
5, 233
Let y = -611 - -1700. What are the prime factors of y?
3, 11
Suppose -6*w + 4*w + 3180 = 4*c, c = -4. List the prime factors of w.
2, 17, 47
Suppose -r + 5*c = 11, 2*r + 3*r - 33 = 3*c. Let u(g) = -7*g + 2. Let k be u(r). Let t = k + 85. List the prime factors of t.
2, 3
Suppose g + d = 1685, 3*g - d - 3857 = 1218. List the prime factors of g.
2, 5, 13
Let p = -10 - -12. Suppose 4*i - p*i = 3*l - 12, 4*i = 0. Suppose -72 = -3*v - 3*h, 0*v + l*v - 4*h = 56. What are the prime factors of v?
19
Suppose 4*k + 3 = 5*a + 5, 4 = -k - a. Let x be 28/(-20) + k/(-5). List the prime factors of (-153)/6*(x + -1).
3, 17
Suppose -2 - 6 = 2*k. Let s be (k + 6)/(3 - 1). List the prime factors of (5 + -2)/(s/1).
3
Suppose 8 = -b - 5*x, b - 3*b + 5*x = -29. Suppose 561 + 433 = b*c. What are the prime factors of c?
2, 71
Suppose 5*c - 13121 = -3*a - 4946, 2*c - 3271 = -a. List the prime factors of c.
2, 3, 7, 13
Let c(p) = 307*p**2 + p. Let f be c(1). Suppose -312 - f = -5*o. List the prime factors of o.
2, 31
List the prime factors of ((-56)/(-84))/(2*3/3582).
2, 199
Let i = 944 + -525. List the prime factors of i.
419
Suppose 4*d = 5*d - 7. Let q(f) = -f**3 + 5*f**2 - 2. Let z be q(d). Let s